{"id":6,"date":"2024-07-17T13:32:26","date_gmt":"2024-07-17T16:32:26","guid":{"rendered":"http:\/\/aha.ong.br\/blog\/?page_id=6"},"modified":"2024-10-29T15:54:20","modified_gmt":"2024-10-29T18:54:20","slug":"home","status":"publish","type":"page","link":"https:\/\/aha.ong.br\/blog\/","title":{"rendered":"Associa\u00e7\u00e3o dos Amigos do Sal\u00e3o Internacional de Humor de Piracicaba"},"content":{"rendered":"\n<p>Fundada em 2016, a AHA (Associa\u00e7\u00e3o dos Amigos do Sal\u00e3o Internacional de Humor de Piracicaba), reune diversos profissionais, artistas e entusiastas do humor gr\u00e1fico, com o interesse de promover o Sal\u00e3o de Humor de Piracicaba e demais atividades relacionadas.<\/p>\n\n\n\n<p>Atrav\u00e9s de sua diretoria, a associa\u00e7\u00e3o busca parcerias com empresas p\u00fablicas ou privadas, leis de incentivo e editais culturais que possam promover atividades complementares \u00e0 programa\u00e7\u00e3o do Sal\u00e3o de Humor de Piracicaba, que \u00e9 um evento da Prefeitura de Piracicaba.<\/p>\n\n\n\n<div class=\"wp-block-columns alignwide is-layout-flex wp-container-core-columns-is-layout-9d6595d7 wp-block-columns-is-layout-flex\">\n<div class=\"wp-block-column is-layout-flow wp-block-column-is-layout-flow\">\n<div class=\"wp-block-group\"><div class=\"wp-block-group__inner-container is-layout-flow wp-block-group-is-layout-flow\">\n<figure class=\"wp-block-image alignfull size-full\"><img loading=\"lazy\" decoding=\"async\" width=\"2560\" height=\"1244\" src=\"https:\/\/aha.ong.br\/blog\/wp-content\/uploads\/2024\/07\/news1-scaled.jpg\" alt=\"\" class=\"wp-image-65\" srcset=\"https:\/\/aha.ong.br\/blog\/wp-content\/uploads\/2024\/07\/news1-scaled.jpg 2560w, https:\/\/aha.ong.br\/blog\/wp-content\/uploads\/2024\/07\/news1-300x146.jpg 300w, https:\/\/aha.ong.br\/blog\/wp-content\/uploads\/2024\/07\/news1-1024x498.jpg 1024w, https:\/\/aha.ong.br\/blog\/wp-content\/uploads\/2024\/07\/news1-768x373.jpg 768w, https:\/\/aha.ong.br\/blog\/wp-content\/uploads\/2024\/07\/news1-1536x747.jpg 1536w, https:\/\/aha.ong.br\/blog\/wp-content\/uploads\/2024\/07\/news1-2048x996.jpg 2048w, https:\/\/aha.ong.br\/blog\/wp-content\/uploads\/2024\/07\/news1-1200x583.jpg 1200w, https:\/\/aha.ong.br\/blog\/wp-content\/uploads\/2024\/07\/news1-1980x963.jpg 1980w\" sizes=\"auto, (max-width: 2560px) 100vw, 2560px\" \/><\/figure>\n\n\n\n<h3 class=\"wp-block-heading\">Conhe\u00e7a a AHA<\/h3>\n\n\n\n<p>Saiba um pouco da AHA (Associa\u00e7\u00e3o dos Amigos do Sal\u00e3o Internacional de Humor de Piracicaba), quem s\u00e3o seus integrantes, quais atividades realiza e tamb\u00e9m, como voc\u00ea pode participar.<\/p>\n\n\n\n<div class=\"wp-block-button is-style-outline is-style-outline--1\"><a class=\"wp-block-button__link wp-element-button\" href=\"https:\/\/make.wordpress.org\/core\/2019\/09\/27\/block-editor-theme-related-updates-in-wordpress-5-3\/\">SAIBA MAIS<\/a><\/div>\n<\/div><\/div>\n\n\n\n<div class=\"wp-block-group\"><div class=\"wp-block-group__inner-container is-layout-flow wp-block-group-is-layout-flow\">\n<figure class=\"wp-block-image alignfull size-full\"><img loading=\"lazy\" decoding=\"async\" width=\"2560\" height=\"1244\" src=\"https:\/\/aha.ong.br\/blog\/wp-content\/uploads\/2024\/07\/news2-scaled.jpg\" alt=\"\" class=\"wp-image-64\" srcset=\"https:\/\/aha.ong.br\/blog\/wp-content\/uploads\/2024\/07\/news2-scaled.jpg 2560w, https:\/\/aha.ong.br\/blog\/wp-content\/uploads\/2024\/07\/news2-300x146.jpg 300w, https:\/\/aha.ong.br\/blog\/wp-content\/uploads\/2024\/07\/news2-1024x498.jpg 1024w, https:\/\/aha.ong.br\/blog\/wp-content\/uploads\/2024\/07\/news2-768x373.jpg 768w, https:\/\/aha.ong.br\/blog\/wp-content\/uploads\/2024\/07\/news2-1536x747.jpg 1536w, https:\/\/aha.ong.br\/blog\/wp-content\/uploads\/2024\/07\/news2-2048x996.jpg 2048w, https:\/\/aha.ong.br\/blog\/wp-content\/uploads\/2024\/07\/news2-1200x583.jpg 1200w, https:\/\/aha.ong.br\/blog\/wp-content\/uploads\/2024\/07\/news2-1980x963.jpg 1980w\" sizes=\"auto, (max-width: 2560px) 100vw, 2560px\" \/><\/figure>\n\n\n\n<h3 class=\"wp-block-heading\">Um sal\u00e3o pela vis\u00e3o delas!<\/h3>\n\n\n\n<p>Pela primeira vez na hist\u00f3ria do Sal\u00e3o de Humor, foi criado um j\u00fari de sele\u00e7\u00e3o composto somente por mulheres. <\/p>\n\n\n\n<div class=\"wp-block-button is-style-outline is-style-outline--2\"><a class=\"wp-block-button__link wp-element-button\">SAIBA MAIS<\/a><\/div>\n<\/div><\/div>\n<\/div>\n\n\n\n<div class=\"wp-block-column is-layout-flow wp-block-column-is-layout-flow\">\n<div class=\"wp-block-group\"><div class=\"wp-block-group__inner-container is-layout-flow wp-block-group-is-layout-flow\">\n<figure class=\"wp-block-image alignfull size-full\"><img loading=\"lazy\" decoding=\"async\" width=\"2560\" height=\"1244\" src=\"https:\/\/aha.ong.br\/blog\/wp-content\/uploads\/2024\/08\/news5-scaled.jpg\" alt=\"\" class=\"wp-image-93\" srcset=\"https:\/\/aha.ong.br\/blog\/wp-content\/uploads\/2024\/08\/news5-scaled.jpg 2560w, https:\/\/aha.ong.br\/blog\/wp-content\/uploads\/2024\/08\/news5-300x146.jpg 300w, https:\/\/aha.ong.br\/blog\/wp-content\/uploads\/2024\/08\/news5-1024x498.jpg 1024w, https:\/\/aha.ong.br\/blog\/wp-content\/uploads\/2024\/08\/news5-768x373.jpg 768w, https:\/\/aha.ong.br\/blog\/wp-content\/uploads\/2024\/08\/news5-1536x747.jpg 1536w, https:\/\/aha.ong.br\/blog\/wp-content\/uploads\/2024\/08\/news5-2048x996.jpg 2048w, https:\/\/aha.ong.br\/blog\/wp-content\/uploads\/2024\/08\/news5-1200x583.jpg 1200w, https:\/\/aha.ong.br\/blog\/wp-content\/uploads\/2024\/08\/news5-1980x963.jpg 1980w\" sizes=\"auto, (max-width: 2560px) 100vw, 2560px\" \/><\/figure>\n\n\n\n<h3 class=\"wp-block-heading\">Selecionados do Sal\u00e3ozinho<\/h3>\n\n\n\n<p>Esse ano teremos tamb\u00e9m o 22\u00ba Sal\u00e3ozinho de Humor de Piracicaba, que exibe os trabalhos realizados por crian\u00e7as e jovens da rede de ensino. Os trabalhos s\u00e3o divididos por categoria de idade.<\/p>\n\n\n\n<div class=\"wp-block-button is-style-outline is-style-outline--3\"><a class=\"wp-block-button__link wp-element-button\" href=\"https:\/\/aha.ong.br\/blog\/index.php\/2024\/08\/19\/selecionados-para-o-22o-salaozinho-de-humor\/\">SAIBA MAIS<\/a><\/div>\n<\/div><\/div>\n\n\n\n<div class=\"wp-block-group\"><div class=\"wp-block-group__inner-container is-layout-flow wp-block-group-is-layout-flow\">\n<figure class=\"wp-block-image alignfull size-full\"><img loading=\"lazy\" decoding=\"async\" width=\"1980\" height=\"963\" src=\"https:\/\/aha.ong.br\/blog\/wp-content\/uploads\/2024\/10\/news-fhq-1.jpg\" alt=\"\" class=\"wp-image-118\" srcset=\"https:\/\/aha.ong.br\/blog\/wp-content\/uploads\/2024\/10\/news-fhq-1.jpg 1980w, https:\/\/aha.ong.br\/blog\/wp-content\/uploads\/2024\/10\/news-fhq-1-300x146.jpg 300w, https:\/\/aha.ong.br\/blog\/wp-content\/uploads\/2024\/10\/news-fhq-1-1024x498.jpg 1024w, https:\/\/aha.ong.br\/blog\/wp-content\/uploads\/2024\/10\/news-fhq-1-768x374.jpg 768w, https:\/\/aha.ong.br\/blog\/wp-content\/uploads\/2024\/10\/news-fhq-1-1536x747.jpg 1536w, https:\/\/aha.ong.br\/blog\/wp-content\/uploads\/2024\/10\/news-fhq-1-1200x584.jpg 1200w, https:\/\/aha.ong.br\/blog\/wp-content\/uploads\/2024\/10\/news-fhq-1-350x170.jpg 350w, https:\/\/aha.ong.br\/blog\/wp-content\/uploads\/2024\/10\/news-fhq-1-1100x535.jpg 1100w\" sizes=\"auto, (max-width: 1980px) 100vw, 1980px\" \/><\/figure>\n\n\n\n<h3 class=\"wp-block-heading\">Feira de Humor e Quadrinhos<\/h3>\n\n\n\n<p>Este ano, marca o retorno da FHQ (Feira de Humor e Quadrinhos). O evento acontece no encerramento do 51\u00ba SIHP.<\/p>\n\n\n\n<div class=\"wp-block-button is-style-outline is-style-outline--4\"><a class=\"wp-block-button__link wp-element-button\" href=\"http:\/\/aha.ong.br\/fhq\">SAIBA MAIS<\/a><\/div>\n<\/div><\/div>\n<\/div>\n<\/div>\n\n\n\n<figure class=\"wp-block-image alignfull size-full\"><img loading=\"lazy\" decoding=\"async\" width=\"2560\" height=\"1244\" src=\"https:\/\/aha.ong.br\/blog\/wp-content\/uploads\/2024\/07\/img-footer-scaled.jpg\" alt=\"\" class=\"wp-image-47\" srcset=\"https:\/\/aha.ong.br\/blog\/wp-content\/uploads\/2024\/07\/img-footer-scaled.jpg 2560w, https:\/\/aha.ong.br\/blog\/wp-content\/uploads\/2024\/07\/img-footer-300x146.jpg 300w, https:\/\/aha.ong.br\/blog\/wp-content\/uploads\/2024\/07\/img-footer-1024x498.jpg 1024w, https:\/\/aha.ong.br\/blog\/wp-content\/uploads\/2024\/07\/img-footer-768x373.jpg 768w, https:\/\/aha.ong.br\/blog\/wp-content\/uploads\/2024\/07\/img-footer-1536x747.jpg 1536w, https:\/\/aha.ong.br\/blog\/wp-content\/uploads\/2024\/07\/img-footer-2048x996.jpg 2048w, https:\/\/aha.ong.br\/blog\/wp-content\/uploads\/2024\/07\/img-footer-1200x583.jpg 1200w, https:\/\/aha.ong.br\/blog\/wp-content\/uploads\/2024\/07\/img-footer-1980x963.jpg 1980w\" sizes=\"auto, (max-width: 2560px) 100vw, 2560px\" \/><\/figure>\n\n\n\n<div class=\"wp-block-group alignwide\"><div class=\"wp-block-group__inner-container is-layout-flow wp-block-group-is-layout-flow\">\n<h2 class=\"wp-block-heading has-text-align-center has-accent-color has-text-color\">\u201c&#8221;A hist\u00f3ria atrav\u00e9s do humor n\u00e3o tem compromisso com o vencedor. \u00c9 a historia como realmente \u00e9\u201d<\/h2>\n<\/div><\/div>\n\n\n\n<p class=\"has-drop-cap\">Dita por Zelio Alves Pinto (pintor, cartunista, jornalista, escritor, caricaturista e artista gr\u00e1fico), \u00e9 um dos fundadores do Sal\u00e3o Internacional de Humor de Piracicaba e tamb\u00e9m do jornal Pasquim. \u00c9 considerado o pai do nosso Sal\u00e3o de Humor, pois foi atrav\u00e9s dele que surgiu a ideia da cria\u00e7\u00e3o deste evento, seguindo refer\u00eancias dos sal\u00f5es europeus, dos quais havia participado.<\/p>\n\n\n\n<p>Criado em 1974, em plena ditadura militar, o Sal\u00e3o de Humor de Piracicaba reuniu diversas obras de artistas de todo o pa\u00eds, para expor bom humor e muita cr\u00edtica pol\u00edtica tamb\u00e9m. \u00c9 o sal\u00e3o mais longevo do mundo, realizado anualmente h\u00e1 50 anos, onde em 2024 ter\u00e1 sua 51\u00aa edi\u00e7\u00e3o.<\/p>\n\n\n\n<p><\/p>\n\n\n\n<div class=\"wp-block-group alignwide has-background\" style=\"background-color:#ffffff\"><div class=\"wp-block-group__inner-container is-layout-flow wp-block-group-is-layout-flow\">\n<div class=\"wp-block-group\"><div class=\"wp-block-group__inner-container is-layout-flow wp-block-group-is-layout-flow\">\n<h2 class=\"wp-block-heading has-text-align-center\">Seja um membro da AHA<\/h2>\n\n\n\n<p class=\"has-text-align-center\">Membros da AHA recebem uma newsletter informativa e podem participar das reuni\u00f5es, elei\u00e7\u00f5es da diretoria e projetos da associa\u00e7\u00e3o.<\/p>\n\n\n\n<div class=\"wp-block-button aligncenter\"><a class=\"wp-block-button__link wp-element-button\" href=\"..\" rel=\" nofollow\">SEJA UM MEMBRO<\/a><\/div>\n<\/div><\/div>\n<\/div><\/div>\n\n\n\n<figure class=\"wp-block-gallery alignwide has-nested-images columns-default is-cropped wp-block-gallery-5 is-layout-flex wp-block-gallery-is-layout-flex\">\n<figure class=\"wp-block-image size-large\"><a href=\"https:\/\/aha.ong.br\/blog\/index.php\/2024\/07\/19\/selecionados-51-salao-humor-piracicaba\/\"><img loading=\"lazy\" decoding=\"async\" width=\"1024\" height=\"1024\" data-id=\"60\" src=\"https:\/\/aha.ong.br\/blog\/wp-content\/uploads\/2024\/07\/quadrado1-1024x1024.jpg\" alt=\"\" class=\"wp-image-60\" srcset=\"https:\/\/aha.ong.br\/blog\/wp-content\/uploads\/2024\/07\/quadrado1-1024x1024.jpg 1024w, https:\/\/aha.ong.br\/blog\/wp-content\/uploads\/2024\/07\/quadrado1-300x300.jpg 300w, https:\/\/aha.ong.br\/blog\/wp-content\/uploads\/2024\/07\/quadrado1-150x150.jpg 150w, https:\/\/aha.ong.br\/blog\/wp-content\/uploads\/2024\/07\/quadrado1-768x768.jpg 768w, https:\/\/aha.ong.br\/blog\/wp-content\/uploads\/2024\/07\/quadrado1.jpg 1160w\" sizes=\"auto, (max-width: 1024px) 100vw, 1024px\" \/><\/a><\/figure>\n\n\n\n<figure class=\"wp-block-image size-large\"><a href=\"https:\/\/aha.ong.br\/blog\/index.php\/2024\/08\/19\/selecionados-para-o-22o-salaozinho-de-humor\/\"><img loading=\"lazy\" decoding=\"async\" width=\"1024\" height=\"1024\" data-id=\"61\" src=\"https:\/\/aha.ong.br\/blog\/wp-content\/uploads\/2024\/07\/quadrado2-1024x1024.jpg\" alt=\"\" class=\"wp-image-61\" srcset=\"https:\/\/aha.ong.br\/blog\/wp-content\/uploads\/2024\/07\/quadrado2-1024x1024.jpg 1024w, https:\/\/aha.ong.br\/blog\/wp-content\/uploads\/2024\/07\/quadrado2-300x300.jpg 300w, https:\/\/aha.ong.br\/blog\/wp-content\/uploads\/2024\/07\/quadrado2-150x150.jpg 150w, https:\/\/aha.ong.br\/blog\/wp-content\/uploads\/2024\/07\/quadrado2-768x768.jpg 768w, https:\/\/aha.ong.br\/blog\/wp-content\/uploads\/2024\/07\/quadrado2.jpg 1160w\" sizes=\"auto, (max-width: 1024px) 100vw, 1024px\" \/><\/a><\/figure>\n<\/figure>\n\n\n\n<div class=\"wp-block-columns alignwide has-background has-larger-font-size is-layout-flex wp-container-core-columns-is-layout-9d6595d7 wp-block-columns-is-layout-flex\" style=\"background-color:#ffffff\">\n<div class=\"wp-block-column is-layout-flow wp-block-column-is-layout-flow\" style=\"flex-basis:66.66%\">\n<h3 class=\"wp-block-heading\">Fa\u00e7a um tour pelo 51\u00ba Sal\u00e3o Internacional de Humor de Piracicaba<\/h3>\n<\/div>\n\n\n\n<div class=\"wp-block-column is-vertically-aligned-center is-layout-flow wp-block-column-is-layout-flow\" style=\"flex-basis:33.33%\">\n<div class=\"wp-block-buttons is-layout-flex wp-block-buttons-is-layout-flex\">\n<div class=\"wp-block-button\"><a class=\"wp-block-button__link wp-element-button\" href=\"https:\/\/innovamedia360.com.br\/salaohumor\/\" target=\"_blank\" rel=\"noreferrer noopener\">inicIar TOUR 360\u00ba<\/a><\/div>\n<\/div>\n<\/div>\n<\/div>\n","protected":false},"excerpt":{"rendered":"<p>Fundada em 2016, a AHA (Associa\u00e7\u00e3o dos Amigos do Sal\u00e3o Internacional de Humor de Piracicaba), reune diversos profissionais, artistas e entusiastas do humor gr\u00e1fico, com o interesse de promover o Sal\u00e3o de Humor de Piracicaba e demais atividades relacionadas. Atrav\u00e9s de sua diretoria, a associa\u00e7\u00e3o busca parcerias com empresas p\u00fablicas ou privadas, leis de incentivo [&hellip;]<\/p>\n","protected":false},"author":1,"featured_media":73,"parent":0,"menu_order":0,"comment_status":"closed","ping_status":"closed","template":"","meta":{"footnotes":""},"class_list":["post-6","page","type-page","status-publish","has-post-thumbnail","hentry"],"_links":{"self":[{"href":"https:\/\/aha.ong.br\/blog\/wp-json\/wp\/v2\/pages\/6","targetHints":{"allow":["GET"]}}],"collection":[{"href":"https:\/\/aha.ong.br\/blog\/wp-json\/wp\/v2\/pages"}],"about":[{"href":"https:\/\/aha.ong.br\/blog\/wp-json\/wp\/v2\/types\/page"}],"author":[{"embeddable":true,"href":"https:\/\/aha.ong.br\/blog\/wp-json\/wp\/v2\/users\/1"}],"replies":[{"embeddable":true,"href":"https:\/\/aha.ong.br\/blog\/wp-json\/wp\/v2\/comments?post=6"}],"version-history":[{"count":25,"href":"https:\/\/aha.ong.br\/blog\/wp-json\/wp\/v2\/pages\/6\/revisions"}],"predecessor-version":[{"id":120,"href":"https:\/\/aha.ong.br\/blog\/wp-json\/wp\/v2\/pages\/6\/revisions\/120"}],"wp:featuredmedia":[{"embeddable":true,"href":"https:\/\/aha.ong.br\/blog\/wp-json\/wp\/v2\/media\/73"}],"wp:attachment":[{"href":"https:\/\/aha.ong.br\/blog\/wp-json\/wp\/v2\/media?parent=6"}],"curies":[{"name":"wp","href":"https:\/\/api.w.org\/{rel}","templated":true}]}}